{"id":101,"date":"2013-10-04T16:30:45","date_gmt":"2013-10-04T16:30:45","guid":{"rendered":"http:\/\/bsrabogados.es\/?page_id=101"},"modified":"2013-10-24T17:46:49","modified_gmt":"2013-10-24T17:46:49","slug":"constitucional","status":"publish","type":"page","link":"https:\/\/bsrabogados.es\/?page_id=101","title":{"rendered":"Constitucional"},"content":{"rendered":"<p><i>El Tribunal Constitucional como m\u00e1ximo int\u00e9rprete de la Constituci\u00f3n permitir\u00e1 encontrar la soluci\u00f3n adecuada ante la vulneraci\u00f3n de nuestros derechos constitucionales. <\/i><\/p>\n<p><i>En esta l\u00ednea podemos ayudarle, acuda a nosotros, no lo dude.<\/i><\/p>\n<div style=\"width: 299px\" class=\"wp-caption alignnone\"><img loading=\"lazy\" decoding=\"async\" alt=\"\" src=\"https:\/\/lh4.googleusercontent.com\/-qrr4EAe3KcQ\/Uk8KEFI8kkI\/AAAAAAAAACc\/3YYT8f6AKUM\/s576\/para%2520constiucional%25202.jpg\" width=\"289\" height=\"275\" \/><p class=\"wp-caption-text\">Derecho Constitucional<\/p><\/div>\n","protected":false},"excerpt":{"rendered":"<p>El Tribunal Constitucional como m\u00e1ximo int\u00e9rprete de la Constituci\u00f3n permitir\u00e1 encontrar la soluci\u00f3n adecuada ante la vulneraci\u00f3n de nuestros derechos constitucionales. En esta l\u00ednea podemos ayudarle, acuda a nosotros, no lo dude.<\/p>\n","protected":false},"author":3,"featured_media":0,"parent":67,"menu_order":0,"comment_status":"closed","ping_status":"closed","template":"","meta":{"footnotes":""},"class_list":["post-101","page","type-page","status-publish","hentry"],"aioseo_notices":[],"_links":{"self":[{"href":"https:\/\/bsrabogados.es\/index.php?rest_route=\/wp\/v2\/pages\/101","targetHints":{"allow":["GET"]}}],"collection":[{"href":"https:\/\/bsrabogados.es\/index.php?rest_route=\/wp\/v2\/pages"}],"about":[{"href":"https:\/\/bsrabogados.es\/index.php?rest_route=\/wp\/v2\/types\/page"}],"author":[{"embeddable":true,"href":"https:\/\/bsrabogados.es\/index.php?rest_route=\/wp\/v2\/users\/3"}],"replies":[{"embeddable":true,"href":"https:\/\/bsrabogados.es\/index.php?rest_route=%2Fwp%2Fv2%2Fcomments&post=101"}],"version-history":[{"count":3,"href":"https:\/\/bsrabogados.es\/index.php?rest_route=\/wp\/v2\/pages\/101\/revisions"}],"predecessor-version":[{"id":151,"href":"https:\/\/bsrabogados.es\/index.php?rest_route=\/wp\/v2\/pages\/101\/revisions\/151"}],"up":[{"embeddable":true,"href":"https:\/\/bsrabogados.es\/index.php?rest_route=\/wp\/v2\/pages\/67"}],"wp:attachment":[{"href":"https:\/\/bsrabogados.es\/index.php?rest_route=%2Fwp%2Fv2%2Fmedia&parent=101"}],"curies":[{"name":"wp","href":"https:\/\/api.w.org\/{rel}","templated":true}]}}