{"id":59,"date":"2013-10-03T21:17:10","date_gmt":"2013-10-03T21:17:10","guid":{"rendered":"http:\/\/bsrabogados.es\/?page_id=59"},"modified":"2013-10-24T17:49:54","modified_gmt":"2013-10-24T17:49:54","slug":"inicio","status":"publish","type":"page","link":"https:\/\/bsrabogados.es\/","title":{"rendered":"Inicio"},"content":{"rendered":"<p><b><i>Bienvenidos <\/i><\/b><i>a la web del despacho de la Letrada Dra. D\u00aa Beatriz Sanjurjo Rebollo, colegiada del Ilustre Colegio de Abogados de Madrid.<\/i><\/p>\n<p><b><i>LA FIRMA<\/i><\/b><\/p>\n<p><i>La firma de nuestras actuaciones tiene como ideario el cumplimiento de los <b>principios deontol\u00f3gicos de la profesi\u00f3n de la abogac\u00eda. <\/b><\/i><\/p>\n<p><b><i>La m\u00e1s adecuada defensa del\u00a0 inter\u00e9s del clientes es nuestro objetivo prioritario<\/i><\/b><i>. En la tramitaci\u00f3n y gesti\u00f3n de los asuntos encomendados se busca combinar la eficacia profesional con el m\u00e1ximo beneficio para el resultado de nuestros casos.<\/i><\/p>\n<p><i>La <b>relaci\u00f3n personal<\/b> <b>con el cliente es uno de nuestros distintivos.<\/b> Quien busca en nosotros la defensa de sus derechos y libertades, encuentra una constante comunicaci\u00f3n e informaci\u00f3n del estado de su caso y de las actuaciones y gestiones realizadas en cada momento; lo que, constituye un factor diferenciador muy apreciado y valorado por nuestros clientes.<\/i><\/p>\n<p><i><strong>M<\/strong><\/i><b><i>\u00e1ximo rigor<\/i><\/b><i> en el desarrollo de un <b>trabajo profesional<\/b>, individualizado y multidisciplinar, en donde la respuesta a las\u00a0 demandadas de nuestros clientes en los campos de actuaci\u00f3n profesional tienen como com\u00fan denominador la<b> calidad.<\/b><\/i><\/p>\n<p><i>Combinamos las nuevas tecnolog\u00edas con el car\u00e1cter profesional de la abogac\u00eda tradicional, lo que nos permite obtener <b>el mejor resultado final. <\/b>La aplicaci\u00f3n de las <b>nuevas tecnolog\u00edas<\/b> al ejercicio profesional agiliza <b>tramitaciones y favorecen una relaci\u00f3n m\u00e1s fluida e inmediata con el cliente<\/b>, que beneficia el desarrollo de nuestro ejercicio profesional.<\/i><\/p>\n<p><i>En un entorno legal tan cambiante como el actual la puesta al d\u00eda de nuestros conocimientos jur\u00eddicos es imprescindible; por lo que, la <b>constante actualizaci\u00f3n de conocimientos jur\u00eddicos<\/b> <b>es una prioridad b\u00e1sica de cara a nuestra labor t\u00e9cnica<\/b>.<\/i><\/p>\n<p><i>Una <b>amplia trayectoria profesional<\/b> en distintas \u00e1reas del Derecho avala nuestro asesoramiento legal a particulares y empresas; as\u00ed como, la defensa en juicios, donde nos caracteriza un <b>elevado porcentaje de \u00e9xitos<\/b>.\u00a0 <\/i><\/p>\n<p><i>Nuestros servicios jur\u00eddicos han sido<b> recomendados por nuestro rigor y profesionalidad <\/b>por clientes satisfechos con nuestros servicios.<\/i><\/p>\n<p><i>Estaremos encantados de darle la bienvenida y atender su caso de forma personalizada con la mayor rigurosidad y profesionalidad.<\/i><\/p>\n<div style=\"width: 630px\" class=\"wp-caption alignnone\"><img loading=\"lazy\" decoding=\"async\" alt=\"\" src=\"https:\/\/lh5.googleusercontent.com\/-cv3Dn1CVEHo\/Uk8JLJ9R5nI\/AAAAAAAAAB0\/BQNABRInEsI\/s720\/la%2520firma%25202.jpg\" width=\"620\" height=\"461\" \/><p class=\"wp-caption-text\">La Firma: BsrAbogados<\/p><\/div>\n","protected":false},"excerpt":{"rendered":"<p>Bienvenidos a la web del despacho de la Letrada Dra. D\u00aa Beatriz Sanjurjo Rebollo, colegiada del Ilustre Colegio de Abogados de Madrid. LA FIRMA La firma de nuestras actuaciones tiene como ideario el cumplimiento de los principios deontol\u00f3gicos de la &hellip; <a href=\"https:\/\/bsrabogados.es\/\">Sigue leyendo <span class=\"meta-nav\">&rarr;<\/span><\/a><\/p>\n","protected":false},"author":3,"featured_media":0,"parent":0,"menu_order":1,"comment_status":"closed","ping_status":"closed","template":"","meta":{"footnotes":""},"class_list":["post-59","page","type-page","status-publish","hentry"],"aioseo_notices":[],"_links":{"self":[{"href":"https:\/\/bsrabogados.es\/index.php?rest_route=\/wp\/v2\/pages\/59","targetHints":{"allow":["GET"]}}],"collection":[{"href":"https:\/\/bsrabogados.es\/index.php?rest_route=\/wp\/v2\/pages"}],"about":[{"href":"https:\/\/bsrabogados.es\/index.php?rest_route=\/wp\/v2\/types\/page"}],"author":[{"embeddable":true,"href":"https:\/\/bsrabogados.es\/index.php?rest_route=\/wp\/v2\/users\/3"}],"replies":[{"embeddable":true,"href":"https:\/\/bsrabogados.es\/index.php?rest_route=%2Fwp%2Fv2%2Fcomments&post=59"}],"version-history":[{"count":6,"href":"https:\/\/bsrabogados.es\/index.php?rest_route=\/wp\/v2\/pages\/59\/revisions"}],"predecessor-version":[{"id":272,"href":"https:\/\/bsrabogados.es\/index.php?rest_route=\/wp\/v2\/pages\/59\/revisions\/272"}],"wp:attachment":[{"href":"https:\/\/bsrabogados.es\/index.php?rest_route=%2Fwp%2Fv2%2Fmedia&parent=59"}],"curies":[{"name":"wp","href":"https:\/\/api.w.org\/{rel}","templated":true}]}}